21 a composite number?
False
Is 296663 a prime number?
True
Is 36107 prime?
True
Is 11821 a prime number?
True
Is 61403 composite?
False
Is 6449 a composite number?
False
Is 12611 a composite number?
False
Is 274207 prime?
False
Is 21991 a prime number?
True
Is 2813 a composite number?
True
Is 2627 a composite number?
True
Is 291 prime?
False
Is 3787 composite?
True
Is 8141 a composite number?
True
Is 17671 prime?
False
Is 13791 a prime number?
False
Is 177053 composite?
True
Is 7115 a composite number?
True
Is 119189 a prime number?
False
Is 2705 prime?
False
Is 1113941 composite?
False
Is 52747 prime?
True
Is 352249 prime?
True
Is 119027 prime?
True
Is 95063 composite?
False
Is 1486 a prime number?
False
Is 27437 a prime number?
True
Is 649 a prime number?
False
Is 41991 a prime number?
False
Is 17377 composite?
False
Is 45647 a composite number?
True
Is 380417 composite?
False
Is 2600866 a prime number?
False
Is 54745 a prime number?
False
Is 2210639 a prime number?
False
Is 331 a prime number?
True
Is 24933 a composite number?
True
Is 31531 composite?
False
Is 33261 a composite number?
True
Is 1615733 a composite number?
True
Is 19271 a prime number?
False
Is 46889 a prime number?
True
Is 319 composite?
True
Is 6843 a prime number?
False
Is 6613 composite?
True
Is 13217 composite?
False
Is 278413 composite?
False
Is 20249 prime?
True
Is 667 composite?
True
Is 571 prime?
True
Is 13669 a composite number?
False
Is 19741 composite?
True
Is 7499 a composite number?
False
Is 121123 prime?
True
Is 133843 a composite number?
False
Is 397337 composite?
False
Is 120167 a composite number?
False
Is 3158501 prime?
False
Is 30907 composite?
True
Is 1376653 a prime number?
True
Is 10531 a composite number?
False
Is 4621 prime?
True
Is 181361 composite?
False
Is 161537 a composite number?
True
Is 69427 a composite number?
False
Is 38929 prime?
False
Is 26101 a composite number?
True
Is 2333 a prime number?
True
Is 59237 a prime number?
False
Is 47777 prime?
True
Is 5729 composite?
True
Is 63977 composite?
False
Is 3396829 composite?
False
Is 61247 a prime number?
False
Is 13361 a prime number?
False
Is 61591 prime?
False
Is 1973 a prime number?
True
Is 8185 prime?
False
Is 10895 a prime number?
False
Is 40799 a composite number?
True
Is 4303 prime?
False
Is 677577 prime?
False
Is 42061 composite?
False
Is 2977 a composite number?
True
Is 12457 a prime number?
True
Is 348989 composite?
False
Is 55243 a prime number?
True
Is 16331 a prime number?
False
Is 24782 prime?
False
Is 12607 a composite number?
True
Is 11207 prime?
False
Is 20257 a composite number?
True
Is 58759 composite?
True
Is 2866 a composite number?
True
Is 184883 a prime number?
False
Is 1096837 composite?
True
Is 326309 a prime number?
True
Is 719 composite?
False
Is 88409 composite?
True
Is 113327 prime?
True
Is 711289 prime?
False
Is 1059251 a composite number?
False
Is 3457 prime?
True
Is 3677 composite?
False
Is 1942307 composite?
False
Is 38039 composite?
False
Is 70429 a composite number?
False
Is 14569 composite?
True
Is 19661 prime?
True
Is 77191 a composite number?
False
Is 111691 composite?
True
Is 2971 a composite number?
False
Is 12319 a composite number?
True
Is 51941 a composite number?
False
Is 13027 a prime number?
False
Is 6121 a prime number?
True
Is 364103 prime?
True
Is 293899 composite?
False
Is 39707 prime?
False
Is 626033 prime?
True
Is 699079 composite?
True
Is 114941 a prime number?
True
Is 21577 a composite number?
False
Is 3079 prime?
True
Is 5847 a prime number?
False
Is 7559 a prime number?
True
Is 1239637 composite?
True
Is 291 composite?
True
Is 4449 composite?
True
Is 338543 a composite number?
False
Is 22285 a composite number?
True
Is 92969 a composite number?
True
Is 16671 prime?
False
Is 79649 a composite number?
True
Is 41963 prime?
False
Is 114887 composite?
True
Is 137829 a composite number?
True
Is 2980585 a prime number?
False
Is 4621 prime?
True
Is 671 composite?
True
Is 275777 a composite number?
True
Is 1169 composite?
True
Is 84053 prime?
True
Is 521009 a composite number?
False
Is 127483 a composite number?
True
Is 8851 a composite number?
True
Is 37691 composite?
False
Is 29983 a prime number?
True
Is 60317 composite?
False
Is 2551 a prime number?
True
Is 65959 prime?
False
Is 55741 prime?
False
Is 820047 a composite number?
True
Is 310883 prime?
True
Is 25511 a composite number?
True
Is 4415 composite?
True
Is 33377 prime?
True
Is 228229 a composite number?
True
Is 698311 a prime number?
True
Is 23137 composite?
True
Is 2766507 a prime number?
False
Is 2159 composite?
True
Is 9949 prime?
True
Is 4861 a prime number?
True
Is 204133 a composite number?
False
Is 169361 a composite number?
False
Is 61331 composite?
False
Is 37171 composite?
False
Is 3814 composite?
True
Is 4264297 prime?
False
Is 6329 a prime number?
True
Is 888983 composite?
False
Is 4691 a composite number?
False
Is 32081 a prime number?
False
Is 100907 prime?
True
Is 4819 composite?
True
Is 42317 a prime number?
False
Is 653 composite?
False
Is 238141 prime?
True
Is 5953 a composite number?
False
Is 1170341 a composite number?
True
Is 2179 composite?
False
Is 3754297 a composite number?
True
Is 14165 composite?
True
Is 174527 composite?
False
Is 9127 composite?
False
Is 2559811 composite?
False
Is 1207 a composite number?
True
Is 257837 a composite number?
False
Is 7433 a prime number?
True
Is 53983 a prime number?
False
Is 242635 a prime number?
False
Is 622709 prime?
True
Is 21785 prime?
False
Is 18695 prime?
False
Is 67937 composite?
True
Is 7243 prime?
True
Is 705761 a prime number?
False
Is 846847 composite?
True
Is 8465 a composite number?
True
Is 13643 composite?
True
Is 966973 composite?
True
Is 314669 a prime number?
False
Is 10847 a prime number?
True
Is 108343 composite?
False
Is 14519 composite?
False
Is 876697 a composite number?
True
Is 22993 a composite number?
False
Is 28271 composite?
True
Is 15053 a composite number?
False
Is 127471 composite?
True
Is 1673 composite?
True
Is 9019 composite?
True
Is 275627 a composite number?
True
Is 47041 a prime number?
True
Is 37571 prime?
True
Is 377443 composite?
True
Is 82043 a prime number?
False
Is 5333 a prime number?
True
Is 1951 prime?
True
Is 61687 prime?
True
Is 14983 a composite number?
False
Is 21467 a composite number?
False
Is 4171 a composite number?
True
Is 2633 a composite number?
False
Is 370661 composite?
False
Is 306785 prime?
False
Is 28849 a prime number?
False
Is 167149 composite?
False
Is 88289 a composite number?
False
Is 55763 a composite number?
False
Is 161107 a prime number?
False
Is 90617 prime?
True
Is 153937 prime?
False
Is 7899 composite?
True
Is 3293 composite?
True
Is 1069 a composite number?
False
Is 4120091 a prime number?
False
Is 50033 composite?
False
Is 47239 a prime number?
False
Is 51257 prime?
True
Is 4853 a composite number?
True
Is 8497 a composite number?
True
Is 82011 a composite number?
True
Is 1312607 a prime number?
False
Is 10991 prime?
False
Is 48809 a prime number?
True
Is 4894 prime?
False
Is 270089 a prime number?
False
Is 36458 prime?
False
Is 32393 composite?
True
Is 20879 composite?
False
Is 979447 a composite number?
True
Is 131243 a prime number?
False
Is 211559 a prime number?
True
Is 722747 a composite number?
True
Is 31769 a prime number?
True
Is 157163 a prime number?
True
Is 10529 a composite number?
False
Is 2579 a prime number?
True
Is 35357 composite?
True
Is 927961 a composite number?
False
Is 9566 a prime number?
False
Is 107561 a prime number?
False
Is 437683 a composite number?
True
Is 26339 a prime number?
True
Is 26857 composite?
True
Is 9173 prime?
True
Is 84263 a prime number?
True
Is 1923 a prime number?
False
Is 7123 composite?
True
Is 48079 prime?
True
Is 222119 a composite number?
True
Is 80611 a composite number?
False
Is 1954 a composite number?
True
Is 85297 composite?
False
Is 613097 a prime number?
True
Is 354489 a composite number?
True
Is 135023 composite?
True
Is 15037 a composite number?
True
Is 38523 prime?
False
Is 18587 a prime number?
True
Is 394213 a prime number?
False
Is 335821 a composite number?
False
Is 472319 a prime number?
True
Is 15449 prime?
False
Is 66637 prime?
False
Is 985022 a composite number?
True
Is 28739 a 